{"id":619,"date":"2025-11-15T12:50:00","date_gmt":"2025-11-15T12:50:00","guid":{"rendered":"https:\/\/elnostreraco.cat\/?page_id=619"},"modified":"2025-11-28T11:01:08","modified_gmt":"2025-11-28T11:01:08","slug":"nuri","status":"publish","type":"page","link":"https:\/\/elnostreraco.cat\/index.php\/qui-som\/nuri\/","title":{"rendered":"Nuri"},"content":{"rendered":"\n<p>Me llamo Nuri y vivo en Barcelona, una ciudad bulliciosa, cosmopolita y vibrante, aunque siempre que puedo me escapo para disfrutar de la paz que me aporta la naturaleza y recargar energ\u00edas.<br>A mis 63 a\u00f1os, uno de mis sue\u00f1os se est\u00e1 haciendo realidad: formar parte de una comunidad que fomenta la interacci\u00f3n humana, la responsabilidad social y la b\u00fasqueda del bienestar colectivo.<br>Desde hace a\u00f1os, la idea del Cohabitatge me ha cautivado. No se trata solo de un modelo de vivienda, sino de una filosof\u00eda de vida que resuena profundamente conmigo. Siempre me ha fascinado la idea de compartir un espacio con personas afines, creando un ambiente de comunidad y apoyo mutuo. La posibilidad de colaborar, intercambiar ideas y construir una red de apoyo me parece invaluable. Me siento profundamente identificada con este modelo de vida.<br>La sostenibilidad y el cuidado del medio ambiente tambi\u00e9n son pilares fundamentales para m\u00ed. La reducci\u00f3n del consumo, la eficiencia energ\u00e9tica y la promoci\u00f3n de la vida comunitaria me parecen pasos esenciales para un futuro m\u00e1s sostenible.<br>M\u00e1s que un simple lugar para vivir, El Nostre Rac\u00f3 representa un espacio de crecimiento personal y social. Un lugar donde la solidaridad, la cooperaci\u00f3n y el respeto por el otro son valores esenciales, y del que voy a poder disfrutar en esta \u00faltima etapa de mi vida.<\/p>\n\n\n\n<div class=\"wp-block-buttons alignwide is-content-justification-center is-layout-flex wp-container-core-buttons-is-layout-a89b3969 wp-block-buttons-is-layout-flex\">\n<div class=\"wp-block-button\"><a class=\"wp-block-button__link wp-element-button\" href=\"https:\/\/elnostreraco.cat\/index.php\/qui-som\/\">Tornar<\/a><\/div>\n<\/div>\n\n\n\n<p><\/p>\n","protected":false},"excerpt":{"rendered":"<p>Me llamo Nuri y vivo en Barcelona, una ciudad bulliciosa, cosmopolita y vibrante, aunque siempre que puedo me escapo para disfrutar de la paz que me aporta la naturaleza y recargar energ\u00edas.A mis 63 a\u00f1os, uno de mis sue\u00f1os se est\u00e1 haciendo realidad: formar parte de una comunidad que fomenta [&hellip;]<\/p>\n","protected":false},"author":1,"featured_media":0,"parent":121,"menu_order":0,"comment_status":"closed","ping_status":"closed","template":"","meta":{"footnotes":""},"class_list":["post-619","page","type-page","status-publish","hentry"],"aioseo_notices":[],"_links":{"self":[{"href":"https:\/\/elnostreraco.cat\/index.php\/wp-json\/wp\/v2\/pages\/619","targetHints":{"allow":["GET"]}}],"collection":[{"href":"https:\/\/elnostreraco.cat\/index.php\/wp-json\/wp\/v2\/pages"}],"about":[{"href":"https:\/\/elnostreraco.cat\/index.php\/wp-json\/wp\/v2\/types\/page"}],"author":[{"embeddable":true,"href":"https:\/\/elnostreraco.cat\/index.php\/wp-json\/wp\/v2\/users\/1"}],"replies":[{"embeddable":true,"href":"https:\/\/elnostreraco.cat\/index.php\/wp-json\/wp\/v2\/comments?post=619"}],"version-history":[{"count":3,"href":"https:\/\/elnostreraco.cat\/index.php\/wp-json\/wp\/v2\/pages\/619\/revisions"}],"predecessor-version":[{"id":819,"href":"https:\/\/elnostreraco.cat\/index.php\/wp-json\/wp\/v2\/pages\/619\/revisions\/819"}],"up":[{"embeddable":true,"href":"https:\/\/elnostreraco.cat\/index.php\/wp-json\/wp\/v2\/pages\/121"}],"wp:attachment":[{"href":"https:\/\/elnostreraco.cat\/index.php\/wp-json\/wp\/v2\/media?parent=619"}],"curies":[{"name":"wp","href":"https:\/\/api.w.org\/{rel}","templated":true}]}}

<p>Me llamo Nuri y vivo en Barcelona, una ciudad bulliciosa, cosmopolita y vibrante, aunque siempre que puedo me escapo para disfrutar de la paz que me aporta la naturaleza y recargar energías.<br>A mis 63 años, uno de mis sueños se está haciendo realidad: formar parte de una comunidad que fomenta la interacción humana, la responsabilidad social y la búsqueda del bienestar colectivo.<br>Desde hace años, la idea del Cohabitatge me ha cautivado. No se trata solo de un modelo de vivienda, sino de una filosofía de vida que resuena profundamente conmigo. Siempre me ha fascinado la idea de compartir un espacio con personas afines, creando un ambiente de comunidad y apoyo mutuo. La posibilidad de colaborar, intercambiar ideas y construir una red de apoyo me parece invaluable. Me siento profundamente identificada con este modelo de vida.<br>La sostenibilidad y el cuidado del medio ambiente también son pilares fundamentales para mí. La reducción del consumo, la eficiencia energética y la promoción de la vida comunitaria me parecen pasos esenciales para un futuro más sostenible.<br>Más que un simple lugar para vivir, El Nostre Racó representa un espacio de crecimiento personal y social. Un lugar donde la solidaridad, la cooperación y el respeto por el otro son valores esenciales, y del que voy a poder disfrutar en esta última etapa de mi vida.</p>



<div class="wp-block-buttons alignwide is-content-justification-center is-layout-flex wp-container-core-buttons-is-layout-a89b3969 wp-block-buttons-is-layout-flex">
<div class="wp-block-button"><a class="wp-block-button__link wp-element-button" href="https://elnostreraco.cat/index.php/qui-som/">Tornar</a></div>
</div>



<p></p>

<p>Me llamo Nuri y vivo en Barcelona, una ciudad bulliciosa, cosmopolita y vibrante, aunque siempre que puedo me escapo para disfrutar de la paz que me aporta la naturaleza y recargar energías.A mis 63 años, uno de mis sueños se está haciendo realidad: formar parte de una comunidad que fomenta [&hellip;]</p>
