{"id":358,"date":"2023-06-17T14:29:40","date_gmt":"2023-06-17T14:29:40","guid":{"rendered":"https:\/\/elnostreraco.cat\/?page_id=358"},"modified":"2023-06-25T10:24:56","modified_gmt":"2023-06-25T10:24:56","slug":"juan","status":"publish","type":"page","link":"https:\/\/elnostreraco.cat\/index.php\/juan\/","title":{"rendered":"Juan"},"content":{"rendered":"\n<p class=\"has-black-color has-text-color has-medium-font-size\">Me llamo Juan Garc\u00eda Guerrero y nac\u00ed en la primavera de 1949. Despu\u00e9s de cuatro d\u00e9cadas dedicadas a la inform\u00e1tica como ingeniero t\u00e9cnico en radiocomunicaci\u00f3n, ahora que estoy jubilado, he decidido embarcarme en nuevas experiencias en esta nueva etapa de mi vida.<\/p>\n\n\n\n<p class=\"has-black-color has-text-color has-medium-font-size\">La m\u00fasica me encanta y dedico mi tiempo libre a estudiarla y tocar la guitarra. Me apasiona la lectura y los retos intelectuales, y mi curiosidad nunca se acaba.<\/p>\n\n\n\n<p class=\"has-black-color has-text-color has-medium-font-size\">En \u201cEl Nostre Rac\u00f3\u201d cada uno aportamos nuestros talentos y pasiones, formando parte de una gran familia. Sue\u00f1o con que este lugar sea m\u00e1s que un simple proyecto de covivienda; anhelo un espacio en el que se fusionen la naturaleza, la creatividad y el amor por el bien com\u00fan.<\/p>\n\n\n\n<p class=\"has-black-color has-text-color has-medium-font-size\">Doy las gracias a mis compa\u00f1eras por ser parte de este maravilloso viaje compartido y espero que, juntos hagamos algo que inspire y deje una huella positiva en nuestra vida y en el mundo que nos rodea.<\/p>\n\n\n\n<div class=\"wp-block-buttons is-content-justification-center is-layout-flex wp-container-core-buttons-is-layout-a89b3969 wp-block-buttons-is-layout-flex\">\n<div class=\"wp-block-button\"><a class=\"wp-block-button__link wp-element-button\" href=\"https:\/\/elnostreraco.cat\/index.php\/qui-som\/\">Tornar<\/a><\/div>\n<\/div>\n","protected":false},"excerpt":{"rendered":"<p>Me llamo Juan Garc\u00eda Guerrero y nac\u00ed en la primavera de 1949. Despu\u00e9s de cuatro d\u00e9cadas dedicadas a la inform\u00e1tica como ingeniero t\u00e9cnico en radiocomunicaci\u00f3n, ahora que estoy jubilado, he decidido embarcarme en nuevas experiencias en esta nueva etapa de mi vida. La m\u00fasica me encanta y dedico mi tiempo [&hellip;]<\/p>\n","protected":false},"author":1,"featured_media":341,"parent":0,"menu_order":0,"comment_status":"closed","ping_status":"closed","template":"","meta":{"footnotes":""},"class_list":["post-358","page","type-page","status-publish","has-post-thumbnail","hentry"],"aioseo_notices":[],"_links":{"self":[{"href":"https:\/\/elnostreraco.cat\/index.php\/wp-json\/wp\/v2\/pages\/358","targetHints":{"allow":["GET"]}}],"collection":[{"href":"https:\/\/elnostreraco.cat\/index.php\/wp-json\/wp\/v2\/pages"}],"about":[{"href":"https:\/\/elnostreraco.cat\/index.php\/wp-json\/wp\/v2\/types\/page"}],"author":[{"embeddable":true,"href":"https:\/\/elnostreraco.cat\/index.php\/wp-json\/wp\/v2\/users\/1"}],"replies":[{"embeddable":true,"href":"https:\/\/elnostreraco.cat\/index.php\/wp-json\/wp\/v2\/comments?post=358"}],"version-history":[{"count":3,"href":"https:\/\/elnostreraco.cat\/index.php\/wp-json\/wp\/v2\/pages\/358\/revisions"}],"predecessor-version":[{"id":411,"href":"https:\/\/elnostreraco.cat\/index.php\/wp-json\/wp\/v2\/pages\/358\/revisions\/411"}],"wp:featuredmedia":[{"embeddable":true,"href":"https:\/\/elnostreraco.cat\/index.php\/wp-json\/wp\/v2\/media\/341"}],"wp:attachment":[{"href":"https:\/\/elnostreraco.cat\/index.php\/wp-json\/wp\/v2\/media?parent=358"}],"curies":[{"name":"wp","href":"https:\/\/api.w.org\/{rel}","templated":true}]}}