{"id":354,"date":"2023-06-17T14:26:35","date_gmt":"2023-06-17T14:26:35","guid":{"rendered":"https:\/\/elnostreraco.cat\/?page_id=354"},"modified":"2024-11-05T15:43:50","modified_gmt":"2024-11-05T15:43:50","slug":"marc","status":"publish","type":"page","link":"https:\/\/elnostreraco.cat\/index.php\/marc\/","title":{"rendered":"Marc"},"content":{"rendered":"\n<p class=\"has-black-color has-text-color has-medium-font-size\">Hola a tots, jo soc en Marc i vaig n\u00e9ixer al setembre de l&#8217;any 1956.<\/p>\n\n\n\n<p class=\"has-black-color has-text-color has-medium-font-size\">A mi el Cohabitatge amb va arribar de casualitat, fa uns 4 anys, sense jo buscar-ho i en el moment m\u00e9s oport\u00fa.<\/p>\n\n\n\n<p class=\"has-black-color has-text-color has-medium-font-size\">He anat descobrint aquest nou estil de vida, poc a poc. Cuidar i ser cuidat, fant\u00e0stic.<\/p>\n\n\n\n<p class=\"has-black-color has-text-color has-medium-font-size\">L\u2019idea de de viure a casa meva amb persones amigues per ve\u00efns em a atraure immediatament. Compartir valors com el respecte, l\u2019ajuda, la toler\u00e0ncia, la cooperaci\u00f3, la solidaritat, la cura m\u00fatua en un entorn saludable i sostenible es una fita molt important per a mi.<\/p>\n\n\n\n<p class=\"has-black-color has-text-color has-medium-font-size\">La meva vellesa no vull que sigui depenent de fills o del sistema sanitari actual. S\u00ed dels meus amics\/ve\u00efns, jo cuidare i em deixar\u00e9 cuidar.<\/p>\n\n\n\n<p class=\"has-black-color has-text-color has-medium-font-size\">Perqu\u00e8 vaig coincidir amb ENR, molt senzill. Sempre he cregut que en el \u201cmeu\u201d cohabitatge no m\u2019importava si era en un poble, o un pol\u00edgon o una ciutat o les dimensions, o el jard\u00ed o com seria la cuina. L&#8217;\u00fanic que m\u2019importava eren la qualitat de les persones.<\/p>\n\n\n\n<p class=\"has-black-color has-text-color has-medium-font-size\">En aquest aprenentatge he conegut en altres grups de cohabitatge per\u00f2 els vaig anar deixant ja que sempre, alguna cosa, em grinyolava. Fins que, un altre vegada per casualitat va arribar ENR. All\u00f2 va ser molt r\u00e0pid ja que despr\u00e9s d\u2019algunes reunions les coincid\u00e8ncies personals amb aquest nou estil de vida van ser m\u00e9s i m\u00e9s properes.<\/p>\n\n\n\n<p class=\"has-black-color has-text-color has-medium-font-size\">I finalment aqu\u00ed estic!!!<\/p>\n\n\n\n<div class=\"wp-block-buttons is-content-justification-center is-layout-flex wp-container-core-buttons-is-layout-a89b3969 wp-block-buttons-is-layout-flex\">\n<div class=\"wp-block-button\"><a class=\"wp-block-button__link wp-element-button\" href=\"https:\/\/elnostreraco.cat\/index.php\/qui-som\/\">Tornar<\/a><\/div>\n<\/div>\n","protected":false},"excerpt":{"rendered":"<p>Hola a tots, jo soc en Marc i vaig n\u00e9ixer al setembre de l&#8217;any 1956. A mi el Cohabitatge amb va arribar de casualitat, fa uns 4 anys, sense jo buscar-ho i en el moment m\u00e9s oport\u00fa. He anat descobrint aquest nou estil de vida, poc a poc. Cuidar i [&hellip;]<\/p>\n","protected":false},"author":1,"featured_media":343,"parent":0,"menu_order":0,"comment_status":"closed","ping_status":"closed","template":"","meta":{"footnotes":""},"class_list":["post-354","page","type-page","status-publish","has-post-thumbnail","hentry"],"aioseo_notices":[],"_links":{"self":[{"href":"https:\/\/elnostreraco.cat\/index.php\/wp-json\/wp\/v2\/pages\/354","targetHints":{"allow":["GET"]}}],"collection":[{"href":"https:\/\/elnostreraco.cat\/index.php\/wp-json\/wp\/v2\/pages"}],"about":[{"href":"https:\/\/elnostreraco.cat\/index.php\/wp-json\/wp\/v2\/types\/page"}],"author":[{"embeddable":true,"href":"https:\/\/elnostreraco.cat\/index.php\/wp-json\/wp\/v2\/users\/1"}],"replies":[{"embeddable":true,"href":"https:\/\/elnostreraco.cat\/index.php\/wp-json\/wp\/v2\/comments?post=354"}],"version-history":[{"count":3,"href":"https:\/\/elnostreraco.cat\/index.php\/wp-json\/wp\/v2\/pages\/354\/revisions"}],"predecessor-version":[{"id":636,"href":"https:\/\/elnostreraco.cat\/index.php\/wp-json\/wp\/v2\/pages\/354\/revisions\/636"}],"wp:featuredmedia":[{"embeddable":true,"href":"https:\/\/elnostreraco.cat\/index.php\/wp-json\/wp\/v2\/media\/343"}],"wp:attachment":[{"href":"https:\/\/elnostreraco.cat\/index.php\/wp-json\/wp\/v2\/media?parent=354"}],"curies":[{"name":"wp","href":"https:\/\/api.w.org\/{rel}","templated":true}]}}