{"id":351,"date":"2023-06-17T14:24:30","date_gmt":"2023-06-17T14:24:30","guid":{"rendered":"https:\/\/elnostreraco.cat\/?page_id=351"},"modified":"2024-11-05T15:36:18","modified_gmt":"2024-11-05T15:36:18","slug":"montse","status":"publish","type":"page","link":"https:\/\/elnostreraco.cat\/index.php\/montse\/","title":{"rendered":"Montse"},"content":{"rendered":"\n<p class=\"has-black-color has-text-color has-medium-font-size\">Hola, el meu nom es Montse i vaig neixer al gener de l&#8217;any 1954.<\/p>\n\n\n\n<p class=\"has-black-color has-text-color has-medium-font-size\">Feia anys que ens rondava per el cap que seria de mi y la meva parella quant f\u00f3ssim grans, els meus fills tenen la seva pr\u00f2pia vida i arribat la hora no es podrien &nbsp;fer c\u00e0rrec ni de mi ni d\u2019 Anna i anar a una residencia no era la nostra millor opci\u00f3 (que vagis a toc de xiulet no es lo meu).<\/p>\n\n\n\n<p class=\"has-black-color has-text-color has-medium-font-size\">Vam anar mirar opcions de cohabitatge per s\u00e8nior, al comen\u00e7ament tot lo que trob\u00e0vem era fora de Catalunya , fins que un dia vam veure un que s\u2019estava formant un a prop de Igualada, era complicat anar fins all\u00e0 perqu\u00e8 no tinc perm\u00eds de conduir, hem vaig posar amb contacte amb elles i va donar la casualitat que al grup havia una noia del mateix poble que nosaltres i vaig fer cap , Puri hem portava (las reunions eren els dissabtes i Anna treballa).<\/p>\n\n\n\n<p class=\"has-black-color has-text-color has-medium-font-size\">F\u00e8iem reunions, parla, parla i parla de que vol\u00edem, a la hora de comen\u00e7a a parlar de l&#8217;aportaci\u00f3 inicial la gent es tirava enrere i aix\u00ed es va disgrega el grup.<\/p>\n\n\n\n<p class=\"has-black-color has-text-color has-medium-font-size\">A les hores Puri i nosaltres &nbsp;vam tirar endavant i forma un cohabitatge, vam mirar un terreny a prop de Lleida, per\u00f2 el Ajuntament no estava&nbsp; molt assabentat de lo que era el cohabitatge, ens donaven allargs i es quant vam posar-nos en contacte han Col\u00b7lab, ells vam parla amb la arquitecta i el Alcalde i ens vam reun\u00ed , a les hores ens vam comunica que trigarien anys a donar els permisos per q\u00fcestions internes.<\/p>\n\n\n\n<p class=\"has-black-color has-text-color has-medium-font-size\">Ja amb l\u2019assessorament de Col\u00b7lab est\u00e0vem a la recerc\u00e0 de terrenys, no tots estaven adequats pel cohabitatge fins que vam veure el de Santa Maria de Palautordera, no ens o vam pensar molt, parla ham el propietari i per tenir assegurat el terreny entre las dues unitats de conviv\u00e8ncia&nbsp; vam donar les arres i aix\u00ed va sorg\u00ed El Nostre&nbsp; Rac\u00f3.<\/p>\n\n\n\n<p class=\"has-black-color has-text-color has-medium-font-size\">A partir d\u2019aqu\u00ed era trobar las 4 unitats familiars que mancaven, van fer un tou d\u2019entrevistes fins que ens vam avenir ham el grup que estem ara. Tot aix\u00f2 amb una feina de recerc\u00e0 i documentaci\u00f3 darrera i que encara continua.<\/p>\n\n\n\n<p class=\"has-black-color has-text-color has-medium-font-size\">Viurem&nbsp; una vellesa acompanyats amb persones amb els mateixos valors i a les hores cadasc\u00fa diferent, compartirem i tambe &nbsp;tindrem el nostre espai privat. Recolzament, ajuda m\u00fatua, comprensi\u00f3 i bon ve\u00efnatge es lo que cal a aquesta societat tan individualista i tamb\u00e9 compart\u00ed amb la gent del poble tant els esdeveniments ja siguin els nostres o els que es facin i tot aix\u00f2 o tenim assegurat.<\/p>\n\n\n\n<div class=\"wp-block-buttons is-content-justification-center is-layout-flex wp-container-core-buttons-is-layout-a89b3969 wp-block-buttons-is-layout-flex\">\n<div class=\"wp-block-button\"><a class=\"wp-block-button__link wp-element-button\" href=\"https:\/\/elnostreraco.cat\/index.php\/qui-som\/\">Tornar<\/a><\/div>\n<\/div>\n","protected":false},"excerpt":{"rendered":"<p>Hola, el meu nom es Montse i vaig neixer al gener de l&#8217;any 1954. Feia anys que ens rondava per el cap que seria de mi y la meva parella quant f\u00f3ssim grans, els meus fills tenen la seva pr\u00f2pia vida i arribat la hora no es podrien &nbsp;fer c\u00e0rrec [&hellip;]<\/p>\n","protected":false},"author":1,"featured_media":611,"parent":0,"menu_order":0,"comment_status":"closed","ping_status":"closed","template":"","meta":{"footnotes":""},"class_list":["post-351","page","type-page","status-publish","has-post-thumbnail","hentry"],"aioseo_notices":[],"_links":{"self":[{"href":"https:\/\/elnostreraco.cat\/index.php\/wp-json\/wp\/v2\/pages\/351","targetHints":{"allow":["GET"]}}],"collection":[{"href":"https:\/\/elnostreraco.cat\/index.php\/wp-json\/wp\/v2\/pages"}],"about":[{"href":"https:\/\/elnostreraco.cat\/index.php\/wp-json\/wp\/v2\/types\/page"}],"author":[{"embeddable":true,"href":"https:\/\/elnostreraco.cat\/index.php\/wp-json\/wp\/v2\/users\/1"}],"replies":[{"embeddable":true,"href":"https:\/\/elnostreraco.cat\/index.php\/wp-json\/wp\/v2\/comments?post=351"}],"version-history":[{"count":5,"href":"https:\/\/elnostreraco.cat\/index.php\/wp-json\/wp\/v2\/pages\/351\/revisions"}],"predecessor-version":[{"id":631,"href":"https:\/\/elnostreraco.cat\/index.php\/wp-json\/wp\/v2\/pages\/351\/revisions\/631"}],"wp:featuredmedia":[{"embeddable":true,"href":"https:\/\/elnostreraco.cat\/index.php\/wp-json\/wp\/v2\/media\/611"}],"wp:attachment":[{"href":"https:\/\/elnostreraco.cat\/index.php\/wp-json\/wp\/v2\/media?parent=351"}],"curies":[{"name":"wp","href":"https:\/\/api.w.org\/{rel}","templated":true}]}}

<p class="has-black-color has-text-color has-medium-font-size">Hola, el meu nom es Montse i vaig neixer al gener de l&#8217;any 1954.</p>



<p class="has-black-color has-text-color has-medium-font-size">Feia anys que ens rondava per el cap que seria de mi y la meva parella quant fóssim grans, els meus fills tenen la seva pròpia vida i arribat la hora no es podrien &nbsp;fer càrrec ni de mi ni d’ Anna i anar a una residencia no era la nostra millor opció (que vagis a toc de xiulet no es lo meu).</p>



<p class="has-black-color has-text-color has-medium-font-size">Vam anar mirar opcions de cohabitatge per sènior, al començament tot lo que trobàvem era fora de Catalunya , fins que un dia vam veure un que s’estava formant un a prop de Igualada, era complicat anar fins allà perquè no tinc permís de conduir, hem vaig posar amb contacte amb elles i va donar la casualitat que al grup havia una noia del mateix poble que nosaltres i vaig fer cap , Puri hem portava (las reunions eren els dissabtes i Anna treballa).</p>



<p class="has-black-color has-text-color has-medium-font-size">Fèiem reunions, parla, parla i parla de que volíem, a la hora de comença a parlar de l&#8217;aportació inicial la gent es tirava enrere i així es va disgrega el grup.</p>



<p class="has-black-color has-text-color has-medium-font-size">A les hores Puri i nosaltres &nbsp;vam tirar endavant i forma un cohabitatge, vam mirar un terreny a prop de Lleida, però el Ajuntament no estava&nbsp; molt assabentat de lo que era el cohabitatge, ens donaven allargs i es quant vam posar-nos en contacte han Col·lab, ells vam parla amb la arquitecta i el Alcalde i ens vam reuní , a les hores ens vam comunica que trigarien anys a donar els permisos per qüestions internes.</p>



<p class="has-black-color has-text-color has-medium-font-size">Ja amb l’assessorament de Col·lab estàvem a la recercà de terrenys, no tots estaven adequats pel cohabitatge fins que vam veure el de Santa Maria de Palautordera, no ens o vam pensar molt, parla ham el propietari i per tenir assegurat el terreny entre las dues unitats de convivència&nbsp; vam donar les arres i així va sorgí El Nostre&nbsp; Racó.</p>



<p class="has-black-color has-text-color has-medium-font-size">A partir d’aquí era trobar las 4 unitats familiars que mancaven, van fer un tou d’entrevistes fins que ens vam avenir ham el grup que estem ara. Tot això amb una feina de recercà i documentació darrera i que encara continua.</p>



<p class="has-black-color has-text-color has-medium-font-size">Viurem&nbsp; una vellesa acompanyats amb persones amb els mateixos valors i a les hores cadascú diferent, compartirem i tambe &nbsp;tindrem el nostre espai privat. Recolzament, ajuda mútua, comprensió i bon veïnatge es lo que cal a aquesta societat tan individualista i també compartí amb la gent del poble tant els esdeveniments ja siguin els nostres o els que es facin i tot això o tenim assegurat.</p>



<div class="wp-block-buttons is-content-justification-center is-layout-flex wp-container-core-buttons-is-layout-a89b3969 wp-block-buttons-is-layout-flex">
<div class="wp-block-button"><a class="wp-block-button__link wp-element-button" href="https://elnostreraco.cat/index.php/qui-som/">Tornar</a></div>
</div>

<p>Hola, el meu nom es Montse i vaig neixer al gener de l&#8217;any 1954. Feia anys que ens rondava per el cap que seria de mi y la meva parella quant fóssim grans, els meus fills tenen la seva pròpia vida i arribat la hora no es podrien &nbsp;fer càrrec [&hellip;]</p>
