{"id":119,"date":"2023-05-16T08:58:59","date_gmt":"2023-05-16T08:58:59","guid":{"rendered":"http:\/\/elnostreraco.cat\/?page_id=119"},"modified":"2023-07-05T16:30:01","modified_gmt":"2023-07-05T16:30:01","slug":"objectius","status":"publish","type":"page","link":"https:\/\/elnostreraco.cat\/index.php\/objectius\/","title":{"rendered":"Els Nostres Objectius"},"content":{"rendered":"\n<h2 class=\"wp-block-heading has-text-align-center\">Promoure un Envelliment Actiu i Saludable<\/h2>\n\n\n\n<div class=\"wp-block-columns is-layout-flex wp-container-core-columns-is-layout-28f84493 wp-block-columns-is-layout-flex\">\n<div class=\"wp-block-column is-layout-flow wp-block-column-is-layout-flow\">\n<p>Els nostres objectius s\u00f3n: promoure un envelliment actiu i saludable, combatre l&#8217;a\u00efllament i la solitud, mantenir la autonomia de les persones, <strong>fomentar la col\u00b7laboraci\u00f3<\/strong> i l&#8217;ajuda m\u00fatua, buscar alternatives socials a les resid\u00e8ncies tradicionals i ser part activa del ve\u00efnatge. Al cohabitatge s\u00e8nior <strong> \u00abEl Nostre Rac\u00f3\u00bb<\/strong>, compartim coneixements i <strong>valors saludables<\/strong> amb altres comunitats. Amb aix\u00f2, aspirem a viure una vida plena i transmetre aquest esperit a les generacions futures<\/p>\n<\/div>\n<\/div>\n\n\n\n<ol class=\"wp-block-list\">\n<li>Aconseguir l&#8217;envelliment actiu autogestionat.<\/li>\n\n\n\n<li>Gaudir de qualitat de vida en la vellesa.<\/li>\n\n\n\n<li>Combatre l&#8217;a\u00efllament i la solitud.<\/li>\n\n\n\n<li>Mantenir les persones <strong>actives<\/strong> i tan <strong>aut\u00f2nomes<\/strong> com sigui possible.<\/li>\n\n\n\n<li>Fomentar l&#8217;<strong>ajuda m\u00fatua<\/strong>, trobant solucions amigables als problemes de solitud i depend\u00e8ncia.<\/li>\n\n\n\n<li>Buscar alternatives socials a les resid\u00e8ncies de vellesa tradicionals, i pretenent no ser una c\u00e0rrega per a la fam\u00edlia ni la societat.<\/li>\n\n\n\n<li>Con\u00e8ixer el nostre ve\u00efnat, sentir que pertanyem a un lloc, ser part del col\u00b7lectiu que cuidem i ens cuida.<\/li>\n\n\n\n<li>Compartir <strong>recursos<\/strong> (jardins, aparcaments, rentadores, tallers, hort, etc.).<\/li>\n\n\n\n<li>Fer estalvi de temps (compartir \u00e0pats, compres, treballs de manteniment, etc.).<\/li>\n\n\n\n<li>Vetllar per ser <strong>ecol\u00f2gicament respectuosos<\/strong> (reduir, reutilitzar, reciclar i reparar&#8230;) amb preservaci\u00f3 dels espais verds i buscar <strong>recursos energ\u00e8tics<\/strong> el m\u00e9s sostenibles possible.<\/li>\n\n\n\n<li>El Cohabitatge S\u00e8nior EL NOSTRE RAC\u00d3 s&#8217;obrir\u00e0 a la comunitat local en la qual vivim, participant en la seva vida, les seves inquietuds, les seves tradicions i les seves festes, ja que entenem que el millor entorn \u00e9s un bon ve\u00efnatge amb <strong>objectius comuns<\/strong> i \u00fatils per a la poblaci\u00f3 en la qual ens trobem, \u00e9s un dels nostres objectius. Aprofitant els nostres coneixements individuals dels membres de la cooperativa, podrem compartir coneixements de vida saludable, culturals i tallers de tota mena amb altres comunitats de la poblaci\u00f3 a les nostres instal\u00b7lacions si s&#8217;escau.<\/li>\n\n\n\n<li>Fomentar una vida amb m\u00e9s contacte amb la <strong>natura<\/strong> i procurar h\u00e0bits saludables de vida.<\/li>\n\n\n\n<li>Servir d&#8217;<strong>exemple<\/strong> i d&#8217;ajuda a altres comunitats que vulguin iniciar <strong>projectes<\/strong> com el nostre.<\/li>\n\n\n\n<li>Volem iniciar aquest <strong>projecte<\/strong>, sabent que ens sobreviur\u00e0 en el temps i ser\u00e0 d&#8217;ajuda per a altres persones, ja que la nostra <strong>cooperativa<\/strong> passar\u00e0 el relleu a futurs cooperativistes.<\/li>\n<\/ol>\n\n\n\n<p>Ens inspirem en el concepte <strong>IKIGAI<\/strong> de la cultura japonesa, que en el seu ideograma compta amb els s\u00edmbols de \u00abvida, que val la pena viure\u00bb.<\/p>\n\n\n\n<p>Ikigai \u00e9s un <strong>art de viure<\/strong> i les seves lleis principals s\u00f3n:<\/p>\n\n\n\n<ul class=\"wp-block-list\">\n<li>Mant\u00e9n-te sempre en <strong>activitat<\/strong>, no et retiris<\/li>\n\n\n\n<li>Pren-te les coses amb <strong>calma<\/strong><\/li>\n\n\n\n<li>Cuida la teva <strong>alimentaci\u00f3<\/strong><\/li>\n\n\n\n<li>Rodeja&#8217;t de bons amics i amigues<\/li>\n\n\n\n<li>Mant\u00e9n-te en bona forma <strong>f\u00edsica<\/strong><\/li>\n\n\n\n<li><strong>Somriu<\/strong><\/li>\n\n\n\n<li>Re-connecta amb la <strong>natura<\/strong><\/li>\n\n\n\n<li>D\u00f3na les gr\u00e0cies<\/li>\n\n\n\n<li>Viu l&#8217;moment<\/li>\n\n\n\n<li>Segueix la teva <strong>passi\u00f3<\/strong> i aprofita el teu <strong>talent<\/strong><\/li>\n\n\n\n<li>Viure amb tots aquests valors significa viure en un estat de <strong>salut<\/strong> de molt alta qualitat, tant <strong>f\u00edsica<\/strong> com <strong>emocional<\/strong>, fent que el pas dels anys sigui una suma de vida i no una p\u00e8rdua de salut<\/li>\n<\/ul>\n","protected":false},"excerpt":{"rendered":"<p>Promoure un Envelliment Actiu i Saludable Els nostres objectius s\u00f3n: promoure un envelliment actiu i saludable, combatre l&#8217;a\u00efllament i la solitud, mantenir la autonomia de les persones, fomentar la col\u00b7laboraci\u00f3 i l&#8217;ajuda m\u00fatua, buscar alternatives socials a les resid\u00e8ncies tradicionals i ser part activa del ve\u00efnatge. Al cohabitatge s\u00e8nior \u00abEl [&hellip;]<\/p>\n","protected":false},"author":1,"featured_media":129,"parent":0,"menu_order":0,"comment_status":"closed","ping_status":"closed","template":"","meta":{"footnotes":""},"class_list":["post-119","page","type-page","status-publish","has-post-thumbnail","hentry"],"aioseo_notices":[],"_links":{"self":[{"href":"https:\/\/elnostreraco.cat\/index.php\/wp-json\/wp\/v2\/pages\/119","targetHints":{"allow":["GET"]}}],"collection":[{"href":"https:\/\/elnostreraco.cat\/index.php\/wp-json\/wp\/v2\/pages"}],"about":[{"href":"https:\/\/elnostreraco.cat\/index.php\/wp-json\/wp\/v2\/types\/page"}],"author":[{"embeddable":true,"href":"https:\/\/elnostreraco.cat\/index.php\/wp-json\/wp\/v2\/users\/1"}],"replies":[{"embeddable":true,"href":"https:\/\/elnostreraco.cat\/index.php\/wp-json\/wp\/v2\/comments?post=119"}],"version-history":[{"count":5,"href":"https:\/\/elnostreraco.cat\/index.php\/wp-json\/wp\/v2\/pages\/119\/revisions"}],"predecessor-version":[{"id":462,"href":"https:\/\/elnostreraco.cat\/index.php\/wp-json\/wp\/v2\/pages\/119\/revisions\/462"}],"wp:featuredmedia":[{"embeddable":true,"href":"https:\/\/elnostreraco.cat\/index.php\/wp-json\/wp\/v2\/media\/129"}],"wp:attachment":[{"href":"https:\/\/elnostreraco.cat\/index.php\/wp-json\/wp\/v2\/media?parent=119"}],"curies":[{"name":"wp","href":"https:\/\/api.w.org\/{rel}","templated":true}]}}

<h2 class="wp-block-heading has-text-align-center">Promoure un Envelliment Actiu i Saludable</h2>



<div class="wp-block-columns is-layout-flex wp-container-core-columns-is-layout-28f84493 wp-block-columns-is-layout-flex">
<div class="wp-block-column is-layout-flow wp-block-column-is-layout-flow">
<p>Els nostres objectius són: promoure un envelliment actiu i saludable, combatre l&#8217;aïllament i la solitud, mantenir la autonomia de les persones, <strong>fomentar la col·laboració</strong> i l&#8217;ajuda mútua, buscar alternatives socials a les residències tradicionals i ser part activa del veïnatge. Al cohabitatge sènior <strong> «El Nostre Racó»</strong>, compartim coneixements i <strong>valors saludables</strong> amb altres comunitats. Amb això, aspirem a viure una vida plena i transmetre aquest esperit a les generacions futures</p>
</div>
</div>



<ol class="wp-block-list">
<li>Aconseguir l&#8217;envelliment actiu autogestionat.</li>



<li>Gaudir de qualitat de vida en la vellesa.</li>



<li>Combatre l&#8217;aïllament i la solitud.</li>



<li>Mantenir les persones <strong>actives</strong> i tan <strong>autònomes</strong> com sigui possible.</li>



<li>Fomentar l&#8217;<strong>ajuda mútua</strong>, trobant solucions amigables als problemes de solitud i dependència.</li>



<li>Buscar alternatives socials a les residències de vellesa tradicionals, i pretenent no ser una càrrega per a la família ni la societat.</li>



<li>Conèixer el nostre veïnat, sentir que pertanyem a un lloc, ser part del col·lectiu que cuidem i ens cuida.</li>



<li>Compartir <strong>recursos</strong> (jardins, aparcaments, rentadores, tallers, hort, etc.).</li>



<li>Fer estalvi de temps (compartir àpats, compres, treballs de manteniment, etc.).</li>



<li>Vetllar per ser <strong>ecològicament respectuosos</strong> (reduir, reutilitzar, reciclar i reparar&#8230;) amb preservació dels espais verds i buscar <strong>recursos energètics</strong> el més sostenibles possible.</li>



<li>El Cohabitatge Sènior EL NOSTRE RACÓ s&#8217;obrirà a la comunitat local en la qual vivim, participant en la seva vida, les seves inquietuds, les seves tradicions i les seves festes, ja que entenem que el millor entorn és un bon veïnatge amb <strong>objectius comuns</strong> i útils per a la població en la qual ens trobem, és un dels nostres objectius. Aprofitant els nostres coneixements individuals dels membres de la cooperativa, podrem compartir coneixements de vida saludable, culturals i tallers de tota mena amb altres comunitats de la població a les nostres instal·lacions si s&#8217;escau.</li>



<li>Fomentar una vida amb més contacte amb la <strong>natura</strong> i procurar hàbits saludables de vida.</li>



<li>Servir d&#8217;<strong>exemple</strong> i d&#8217;ajuda a altres comunitats que vulguin iniciar <strong>projectes</strong> com el nostre.</li>



<li>Volem iniciar aquest <strong>projecte</strong>, sabent que ens sobreviurà en el temps i serà d&#8217;ajuda per a altres persones, ja que la nostra <strong>cooperativa</strong> passarà el relleu a futurs cooperativistes.</li>
</ol>



<p>Ens inspirem en el concepte <strong>IKIGAI</strong> de la cultura japonesa, que en el seu ideograma compta amb els símbols de «vida, que val la pena viure».</p>



<p>Ikigai és un <strong>art de viure</strong> i les seves lleis principals són:</p>



<ul class="wp-block-list">
<li>Mantén-te sempre en <strong>activitat</strong>, no et retiris</li>



<li>Pren-te les coses amb <strong>calma</strong></li>



<li>Cuida la teva <strong>alimentació</strong></li>



<li>Rodeja&#8217;t de bons amics i amigues</li>



<li>Mantén-te en bona forma <strong>física</strong></li>



<li><strong>Somriu</strong></li>



<li>Re-connecta amb la <strong>natura</strong></li>



<li>Dóna les gràcies</li>



<li>Viu l&#8217;moment</li>



<li>Segueix la teva <strong>passió</strong> i aprofita el teu <strong>talent</strong></li>



<li>Viure amb tots aquests valors significa viure en un estat de <strong>salut</strong> de molt alta qualitat, tant <strong>física</strong> com <strong>emocional</strong>, fent que el pas dels anys sigui una suma de vida i no una pèrdua de salut</li>
</ul>

<p>Promoure un Envelliment Actiu i Saludable Els nostres objectius són: promoure un envelliment actiu i saludable, combatre l&#8217;aïllament i la solitud, mantenir la autonomia de les persones, fomentar la col·laboració i l&#8217;ajuda mútua, buscar alternatives socials a les residències tradicionals i ser part activa del veïnatge. Al cohabitatge sènior «El [&hellip;]</p>
